inder when 2072499 is divided by 2374?
2371
What is the remainder when 101566 is divided by 30300?
10666
What is the remainder when 2763583 is divided by 2627?
2606
Calculate the remainder when 1782290 is divided by 32.
18
What is the remainder when 2793310 is divided by 1098?
1096
What is the remainder when 144744771 is divided by 25?
21
What is the remainder when 11921954 is divided by 5?
4
Calculate the remainder when 13093545 is divided by 38.
37
Calculate the remainder when 168298 is divided by 442.
338
What is the remainder when 4256485 is divided by 734?
19
What is the remainder when 147630 is divided by 10466?
1106
Calculate the remainder when 20689 is divided by 27.
7
Calculate the remainder when 4125536 is divided by 4125528.
8
What is the remainder when 598810 is divided by 1111?
1092
What is the remainder when 104412 is divided by 20760?
612
What is the remainder when 671341 is divided by 74580?
121
Calculate the remainder when 20372858 is divided by 13.
12
What is the remainder when 18738288 is divided by 4684566?
24
Calculate the remainder when 8631386 is divided by 405.
26
Calculate the remainder when 503322 is divided by 35928.
330
What is the remainder when 3891436 is divided by 1109?
1064
Calculate the remainder when 17517026 is divided by 2381.
9
Calculate the remainder when 256718 is divided by 73.
50
Calculate the remainder when 34107 is divided by 478.
169
Calculate the remainder when 10915932 is divided by 506.
500
Calculate the remainder when 42497 is divided by 37.
21
What is the remainder when 15428440 is divided by 1542843?
10
Calculate the remainder when 45934 is divided by 272.
238
What is the remainder when 4495457 is divided by 10?
7
Calculate the remainder when 3019448 is divided by 1005726.
2270
Calculate the remainder when 390079769 is divided by 16.
9
What is the remainder when 1165617 is divided by 3176?
25
What is the remainder when 139729373 is divided by 895701?
17
What is the remainder when 41952 is divided by 1240?
1032
Calculate the remainder when 1469411292 is divided by 3509.
3506
What is the remainder when 201648 is divided by 653?
524
What is the remainder when 17837 is divided by 17828?
9
Calculate the remainder when 179355 is divided by 76.
71
Calculate the remainder when 227657 is divided by 619.
484
What is the remainder when 361773 is divided by 13393?
162
Calculate the remainder when 952980 is divided by 2330.
10
Calculate the remainder when 307358 is divided by 25608.
62
Calculate the remainder when 3009931 is divided by 155.
141
What is the remainder when 1481023 is divided by 2062?
507
Calculate the remainder when 490182 is divided by 2000.
182
Calculate the remainder when 362998 is divided by 10436.
8174
What is the remainder when 292602 is divided by 1839?
201
Calculate the remainder when 52091827 is divided by 81.
79
What is the remainder when 208797 is divided by 52018?
725
What is the remainder when 6192825 is divided by 1976?
41
Calculate the remainder when 153829204 is divided by 9.
7
Calculate the remainder when 17426 is divided by 7166.
3094
What is the remainder when 515598 is divided by 64449?
6
Calculate the remainder when 214122 is divided by 847.
678
What is the remainder when 177779 is divided by 683?
199
Calculate the remainder when 54764 is divided by 1765.
49
Calculate the remainder when 240482 is divided by 431.
415
Calculate the remainder when 2671045 is divided by 1414.
1413
What is the remainder when 294260 is divided by 7743?
26
Calculate the remainder when 3634128 is divided by 10503.
90
Calculate the remainder when 13675699 is divided by 422.
367
Calculate the remainder when 67785 is divided by 744.
81
What is the remainder when 5123112 is divided by 853850?
12
Calculate the remainder when 1791976 is divided by 135.
121
What is the remainder when 5871260 is divided by 3242?
3240
What is the remainder when 108758 is divided by 36239?
41
What is the remainder when 37497749 is divided by 4324?
21
What is the remainder when 25883 is divided by 1010?
633
What is the remainder when 39742496 is divided by 312933?
5
What is the remainder when 4442949 is divided by 24?
21
What is the remainder when 586786 is divided by 849?
127
Calculate the remainder when 34517603 is divided by 24.
11
What is the remainder when 17796245 is divided by 135849?
26
What is the remainder when 33168 is divided by 1216?
336
What is the remainder when 114715 is divided by 38193?
136
What is the remainder when 262175 is divided by 135?
5
Calculate the remainder when 48051 is divided by 15893.
372
Calculate the remainder when 265558 is divided by 348.
34
Calculate the remainder when 3348215 is divided by 176221.
16
Calculate the remainder when 7108864 is divided by 7108815.
49
What is the remainder when 336735 is divided by 56103?
117
Calculate the remainder when 313048 is divided by 609.
22
What is the remainder when 82648 is divided by 7140?
4108
What is the remainder when 5688196 is divided by 1190?
1186
Calculate the remainder when 40320 is divided by 3212.
1776
What is the remainder when 66510 is divided by 496?
46
What is the remainder when 11713194 is divided by 389?
15
Calculate the remainder when 22252850 is divided by 18285.
5
What is the remainder when 425783 is divided by 57?
50
What is the remainder when 22411539 is divided by 5602879?
23
What is the remainder when 666529 is divided by 78?
19
Calculate the remainder when 69925 is divided by 6992.
5
Calculate the remainder when 15647976 is divided by 5841.
5778
What is the remainder when 16749 is divided by 4133?
217
What is the remainder when 75684112 is divided by 39?
10
Calculate the remainder when 235548 is divided by 13079.
126
Calculate the remainder when 19231 is divided by 4235.
2291
What is the remainder when 65566672 is divided by 1202?
1178
Calculate the remainder when 13432692 is divided by 1904.
1876
What is the remainder when 18524049 is divided by 27?
24
Calculate the remainder when 89711389 is divided by 329.
327
Calculate the remainder when 26969679 is divided by 3233.
3226
Calculate the remainder when 51665817 is divided by 3335.
3332
What is the remainder when 1883527 is divided by 279?
277
What is the remainder when 617185 is divided by 88151?
128
What is the remainder when 150880339 is divided by 1222?
1221
Calculate the remainder when 217274688 is divided by 95.
93
What is the remainder when 60187551 is divided by 5281?
5275
What is the remainder when 165347 is divided by 850?
447
What is the remainder when 501624991 is divided by 44?
43
Calculate the remainder when 93369 is divided by 21178.
8657
Calculate the remainder when 702462 is divided by 392.
390
What is the remainder when 25737992 is divided by 6434491?
28
Calculate the remainder when 38023 is divided by 12585.
268
What is the remainder when 55260994 is divided by 644?
642
What is the remainder when 1716456 is divided by 15738?
1014
Calculate the remainder when 11113648 is divided by 319.
7
What is the remainder when 255729 is divided by 1328?
753
Calculate the remainder when 30985 is divided by 561.
130
Calculate the remainder when 9926099 is divided by 2013.
2009
Calculate the remainder when 5205418 is divided by 1210.
1208
Calculate the remainder when 574539 is divided by 88.
75
What is the remainder when 237449 is divided by 118654?
141
What is the remainder when 1688483 is divided by 422118?
11
What is the remainder when 101302 is divided by 25205?
482
What is the remainder when 11393564 is divided by 11393543?
21
Calculate the remainder when 836967 is divided by 445.
367
What is the remainder when 619597 is divided by 4950?
847
Calculate the remainder when 161374 is divided by 640.
94
What is the remainder when 75724 is divided by 37402?
920
Calculate the remainder when 7287535 is divided by 56.
31
What is the remainder when 12182284 is divided by 676792?
28
What is the remainder when 15628041 is divided by 36176?
9
What is the remainder when 248467 is divided by 248428?
39
Calculate the remainder when 6767 is divided by 1810.
1337
Calculate the remainder when 115509 is divided by 2231.
1728
What is the remainder when 74535796 is divided by 2192229?
10
Calculate the remainder when 1667949 is divided by 13.
10
Calculate the remainder when 2578069